{"id":2730,"date":"2025-11-18T08:35:31","date_gmt":"2025-11-18T08:35:31","guid":{"rendered":"https:\/\/zooni.top\/flyglobal\/?page_id=2730"},"modified":"2025-11-24T17:14:42","modified_gmt":"2025-11-24T17:14:42","slug":"asien","status":"publish","type":"page","link":"https:\/\/zooni.top\/flyglobal\/asien\/","title":{"rendered":"Asien"},"content":{"rendered":"\t\t<div data-elementor-type=\"wp-page\" data-elementor-id=\"2730\" class=\"elementor elementor-2730\">\n\t\t\t\t<div class=\"elementor-element elementor-element-c7c34df e-flex e-con-boxed e-con e-parent\" data-id=\"c7c34df\" data-element_type=\"container\">\n\t\t\t\t\t<div class=\"e-con-inner\">\n\t\t<div class=\"elementor-element elementor-element-e09416d e-con-full e-flex e-con e-child\" data-id=\"e09416d\" data-element_type=\"container\">\n\t\t\t\t<div class=\"elementor-element elementor-element-ace32d1 elementor-widget elementor-widget-heading\" data-id=\"ace32d1\" data-element_type=\"widget\" data-widget_type=\"heading.default\">\n\t\t\t\t\t<h2 class=\"elementor-heading-title elementor-size-default\">Pakistan<\/h2>\t\t\t\t<\/div>\n\t\t\t\t<div class=\"elementor-element elementor-element-1546d4b elementor-widget elementor-widget-text-editor\" data-id=\"1546d4b\" data-element_type=\"widget\" data-widget_type=\"text-editor.default\">\n\t\t\t\t\t\t\t\t\t<p data-start=\"112\" data-end=\"324\">Pakistan \u00e4r ett land med en rik historia, vacker natur och m\u00e5ngsidig kultur. Landet bjuder p\u00e5 allt fr\u00e5n majest\u00e4tiska berg i norr, som Karakoram och Himalaya, till vidstr\u00e4ckta sl\u00e4tter, floder och livliga st\u00e4der.<\/p><p data-start=\"326\" data-end=\"597\">Pakistan \u00e4r k\u00e4nt f\u00f6r sin g\u00e4stv\u00e4nliga befolkning, f\u00e4rgstarka marknader och sp\u00e4nnande matkultur med traditionella r\u00e4tter som speglar landets m\u00e5ngfald. Landet erbjuder ocks\u00e5 unika \u00e4ventyrsupplevelser, historiska monument och natursk\u00f6na platser f\u00f6r alla typer av resen\u00e4rer.<\/p><p data-start=\"599\" data-end=\"749\">Med FlyGlobal \u2013 Travel &amp; Tours kan du uppleva Pakistan tryggt och bekv\u00e4mt, med professionell planering och service som g\u00f6r din resa minnesv\u00e4rd.<\/p>\t\t\t\t\t\t\t\t<\/div>\n\t\t\t\t<\/div>\n\t\t<div class=\"elementor-element elementor-element-3255e69 e-con-full e-flex e-con e-child\" data-id=\"3255e69\" data-element_type=\"container\">\n\t\t\t\t<div class=\"elementor-element elementor-element-1e19657 elementor-widget elementor-widget-image\" data-id=\"1e19657\" data-element_type=\"widget\" data-widget_type=\"image.default\">\n\t\t\t\t\t\t\t\t\t\t\t\t\t\t\t<img fetchpriority=\"high\" decoding=\"async\" width=\"640\" height=\"426\" src=\"https:\/\/zooni.top\/flyglobal\/wp-content\/uploads\/2025\/11\/pk_badshahi-1024x682.jpg\" class=\"attachment-large size-large wp-image-2910\" alt=\"\" srcset=\"https:\/\/zooni.top\/flyglobal\/wp-content\/uploads\/2025\/11\/pk_badshahi-1024x682.jpg 1024w, https:\/\/zooni.top\/flyglobal\/wp-content\/uploads\/2025\/11\/pk_badshahi-300x200.jpg 300w, https:\/\/zooni.top\/flyglobal\/wp-content\/uploads\/2025\/11\/pk_badshahi-768x512.jpg 768w, https:\/\/zooni.top\/flyglobal\/wp-content\/uploads\/2025\/11\/pk_badshahi-570x380.jpg 570w, https:\/\/zooni.top\/flyglobal\/wp-content\/uploads\/2025\/11\/pk_badshahi.jpg 1280w\" sizes=\"(max-width: 640px) 100vw, 640px\" \/>\t\t\t\t\t\t\t\t\t\t\t\t\t\t\t<\/div>\n\t\t\t\t<\/div>\n\t\t\t\t\t<\/div>\n\t\t\t\t<\/div>\n\t\t<div class=\"elementor-element elementor-element-b5a16b1 e-flex e-con-boxed e-con e-parent\" data-id=\"b5a16b1\" data-element_type=\"container\">\n\t\t\t\t\t<div class=\"e-con-inner\">\n\t\t<div class=\"elementor-element elementor-element-3bb48f2 e-con-full e-flex e-con e-child\" data-id=\"3bb48f2\" data-element_type=\"container\">\n\t\t\t\t<div class=\"elementor-element elementor-element-07928b1 elementor-widget elementor-widget-heading\" data-id=\"07928b1\" data-element_type=\"widget\" data-widget_type=\"heading.default\">\n\t\t\t\t\t<h2 class=\"elementor-heading-title elementor-size-default\">Bangladesh<\/h2>\t\t\t\t<\/div>\n\t\t\t\t<div class=\"elementor-element elementor-element-f26f879 elementor-widget elementor-widget-text-editor\" data-id=\"f26f879\" data-element_type=\"widget\" data-widget_type=\"text-editor.default\">\n\t\t\t\t\t\t\t\t\t<p data-start=\"132\" data-end=\"437\">Bangladesh \u00e4r ett fascinerande land i Sydasien, k\u00e4nt f\u00f6r sina rika kulturella traditioner, gr\u00f6nskande landskap och historiska platser. Landet \u00e4r hem f\u00f6r vackra floder, frodiga risf\u00e4lt och den imponerande Sundarbans-mangroven, v\u00e4rldens st\u00f6rsta mangroveomr\u00e5de och hem till den s\u00e4llsynta bengaliska tigern.<\/p><p data-start=\"439\" data-end=\"701\">Bangladesh erbjuder en unik kombination av tradition och modernitet, med livliga st\u00e4der, f\u00e4rgstarka marknader och en varm och g\u00e4stv\u00e4nlig befolkning. Landets matkultur \u00e4r rik och smakrik, med kryddiga r\u00e4tter och lokala delikatesser som speglar landets m\u00e5ngfald.Oavsett om du \u00e4r intresserad av natur, kultur, historia eller \u00e4ventyrsresor, har Bangladesh n\u00e5got att erbjuda varje resen\u00e4r. Med FlyGlobal \u2013 Travel &amp; Tours kan du uppleva detta fantastiska land tryggt och bekv\u00e4mt, med alla detaljer planerade f\u00f6r en minnesv\u00e4rd resa.<\/p>\t\t\t\t\t\t\t\t<\/div>\n\t\t\t\t<\/div>\n\t\t<div class=\"elementor-element elementor-element-d2eae04 e-con-full e-flex e-con e-child\" data-id=\"d2eae04\" data-element_type=\"container\">\n\t\t\t\t<div class=\"elementor-element elementor-element-bd8c093 elementor-widget elementor-widget-image\" data-id=\"bd8c093\" data-element_type=\"widget\" data-widget_type=\"image.default\">\n\t\t\t\t\t\t\t\t\t\t\t\t\t\t\t<img decoding=\"async\" width=\"640\" height=\"426\" src=\"https:\/\/zooni.top\/flyglobal\/wp-content\/uploads\/2025\/11\/bg_flag-1024x682.jpg\" class=\"attachment-large size-large wp-image-2902\" alt=\"\" srcset=\"https:\/\/zooni.top\/flyglobal\/wp-content\/uploads\/2025\/11\/bg_flag-1024x682.jpg 1024w, https:\/\/zooni.top\/flyglobal\/wp-content\/uploads\/2025\/11\/bg_flag-300x200.jpg 300w, https:\/\/zooni.top\/flyglobal\/wp-content\/uploads\/2025\/11\/bg_flag-768x512.jpg 768w, https:\/\/zooni.top\/flyglobal\/wp-content\/uploads\/2025\/11\/bg_flag-570x380.jpg 570w, https:\/\/zooni.top\/flyglobal\/wp-content\/uploads\/2025\/11\/bg_flag.jpg 1280w\" sizes=\"(max-width: 640px) 100vw, 640px\" \/>\t\t\t\t\t\t\t\t\t\t\t\t\t\t\t<\/div>\n\t\t\t\t<\/div>\n\t\t\t\t\t<\/div>\n\t\t\t\t<\/div>\n\t\t<div class=\"elementor-element elementor-element-6f9287f e-flex e-con-boxed e-con e-parent\" data-id=\"6f9287f\" data-element_type=\"container\">\n\t\t\t\t\t<div class=\"e-con-inner\">\n\t\t<div class=\"elementor-element elementor-element-672305f e-con-full e-flex e-con e-child\" data-id=\"672305f\" data-element_type=\"container\">\n\t\t\t\t<div class=\"elementor-element elementor-element-c7d8eb9 elementor-widget elementor-widget-heading\" data-id=\"c7d8eb9\" data-element_type=\"widget\" data-widget_type=\"heading.default\">\n\t\t\t\t\t<h2 class=\"elementor-heading-title elementor-size-default\">Indien<\/h2>\t\t\t\t<\/div>\n\t\t\t\t<div class=\"elementor-element elementor-element-c840b6d elementor-widget elementor-widget-text-editor\" data-id=\"c840b6d\" data-element_type=\"widget\" data-widget_type=\"text-editor.default\">\n\t\t\t\t\t\t\t\t\t<p data-start=\"108\" data-end=\"328\">Indien \u00e4r ett f\u00e4rgstarkt och m\u00e5ngfacetterat land i Sydasien, k\u00e4nt f\u00f6r sin rika kultur, historia och traditioner. Landet erbjuder allt fr\u00e5n magnifika palats och tempel till pulserande st\u00e4der och lugna landsbygdsomr\u00e5den.<\/p><p data-start=\"330\" data-end=\"587\">Indien \u00e4r ocks\u00e5 ber\u00f6mt f\u00f6r sin matkultur, med kryddiga r\u00e4tter, aromatiska kryddor och lokala delikatesser som speglar landets m\u00e5ngfald. Landet har fantastiska naturupplevelser, som Himalayas majest\u00e4tiska berg, tropiska str\u00e4nder och frodiga nationalparker.Med FlyGlobal \u2013 Travel &amp; Tours kan du uppt\u00e4cka Indiens sk\u00f6nhet och m\u00e5ngfald p\u00e5 ett tryggt och bekv\u00e4mt s\u00e4tt, med professionell planering och service under hela resan.<\/p>\t\t\t\t\t\t\t\t<\/div>\n\t\t\t\t<\/div>\n\t\t<div class=\"elementor-element elementor-element-9da9852 e-con-full e-flex e-con e-child\" data-id=\"9da9852\" data-element_type=\"container\">\n\t\t\t\t<div class=\"elementor-element elementor-element-fc5ef75 elementor-widget elementor-widget-image\" data-id=\"fc5ef75\" data-element_type=\"widget\" data-widget_type=\"image.default\">\n\t\t\t\t\t\t\t\t\t\t\t\t\t\t\t<img decoding=\"async\" width=\"640\" height=\"426\" src=\"https:\/\/zooni.top\/flyglobal\/wp-content\/uploads\/2025\/11\/in_taj-1024x682.jpg\" class=\"attachment-large size-large wp-image-2906\" alt=\"\" srcset=\"https:\/\/zooni.top\/flyglobal\/wp-content\/uploads\/2025\/11\/in_taj-1024x682.jpg 1024w, https:\/\/zooni.top\/flyglobal\/wp-content\/uploads\/2025\/11\/in_taj-300x200.jpg 300w, https:\/\/zooni.top\/flyglobal\/wp-content\/uploads\/2025\/11\/in_taj-768x512.jpg 768w, https:\/\/zooni.top\/flyglobal\/wp-content\/uploads\/2025\/11\/in_taj-570x380.jpg 570w, https:\/\/zooni.top\/flyglobal\/wp-content\/uploads\/2025\/11\/in_taj.jpg 1280w\" sizes=\"(max-width: 640px) 100vw, 640px\" \/>\t\t\t\t\t\t\t\t\t\t\t\t\t\t\t<\/div>\n\t\t\t\t<\/div>\n\t\t\t\t\t<\/div>\n\t\t\t\t<\/div>\n\t\t\t\t<\/div>\n\t\t","protected":false},"excerpt":{"rendered":"<p>Pakistan Pakistan \u00e4r ett land med en rik historia, vacker natur och m\u00e5ngsidig kultur. Landet bjuder p\u00e5 allt fr\u00e5n majest\u00e4tiska berg i norr, som Karakoram och Himalaya, till vidstr\u00e4ckta sl\u00e4tter, floder och livliga st\u00e4der. Pakistan \u00e4r k\u00e4nt f\u00f6r sin g\u00e4stv\u00e4nliga befolkning, f\u00e4rgstarka marknader och sp\u00e4nnande matkultur med traditionella r\u00e4tter som speglar landets m\u00e5ngfald. Landet erbjuder [&hellip;]<\/p>\n","protected":false},"author":1,"featured_media":0,"parent":0,"menu_order":0,"comment_status":"closed","ping_status":"closed","template":"elementor_header_footer","meta":{"footnotes":""},"class_list":["post-2730","page","type-page","status-publish","hentry"],"_links":{"self":[{"href":"https:\/\/zooni.top\/flyglobal\/wp-json\/wp\/v2\/pages\/2730","targetHints":{"allow":["GET"]}}],"collection":[{"href":"https:\/\/zooni.top\/flyglobal\/wp-json\/wp\/v2\/pages"}],"about":[{"href":"https:\/\/zooni.top\/flyglobal\/wp-json\/wp\/v2\/types\/page"}],"author":[{"embeddable":true,"href":"https:\/\/zooni.top\/flyglobal\/wp-json\/wp\/v2\/users\/1"}],"replies":[{"embeddable":true,"href":"https:\/\/zooni.top\/flyglobal\/wp-json\/wp\/v2\/comments?post=2730"}],"version-history":[{"count":19,"href":"https:\/\/zooni.top\/flyglobal\/wp-json\/wp\/v2\/pages\/2730\/revisions"}],"predecessor-version":[{"id":3295,"href":"https:\/\/zooni.top\/flyglobal\/wp-json\/wp\/v2\/pages\/2730\/revisions\/3295"}],"wp:attachment":[{"href":"https:\/\/zooni.top\/flyglobal\/wp-json\/wp\/v2\/media?parent=2730"}],"curies":[{"name":"wp","href":"https:\/\/api.w.org\/{rel}","templated":true}]}}